e
Does 9 divide 790686?
True
Is 112 a factor of 4232480?
True
Does 13 divide 1554293?
True
Is 30 a factor of 81510?
True
Is 57 a factor of 4279674?
True
Is 76 a factor of 25670?
False
Is 159 a factor of 220374?
True
Is 127 a factor of 84201?
True
Is 31 a factor of 347634?
True
Is 9 a factor of 687177?
True
Does 35 divide 86247?
False
Is 456 a factor of 968919?
False
Is 42 a factor of 383628?
True
Does 71 divide 6093149?
True
Is 536008 a multiple of 27?
False
Is 99304 a multiple of 307?
False
Does 308 divide 2245628?
True
Does 681 divide 2933794?
False
Is 17277540 a multiple of 10?
True
Is 19 a factor of 642656?
True
Does 28 divide 368564?
True
Is 5 a factor of 478349?
False
Is 115 a factor of 29325?
True
Is 839974 a multiple of 1490?
False
Is 156032 a multiple of 16?
True
Is 34 a factor of 104006?
True
Is 12 a factor of 174264?
True
Is 594057 a multiple of 4?
False
Is 130 a factor of 9673008?
False
Does 25 divide 74725?
True
Is 58767 a multiple of 19?
True
Is 1153461 a multiple of 64?
False
Is 509 a factor of 252973?
True
Is 6 a factor of 74964?
True
Does 21 divide 102123?
True
Is 435307 a multiple of 28?
False
Is 9815818 a multiple of 52?
False
Does 158 divide 103956?
False
Does 2397 divide 12334258?
False
Is 29 a factor of 2101193?
False
Is 330866 a multiple of 202?
False
Is 129811 a multiple of 512?
False
Does 768 divide 6164527?
False
Is 21 a factor of 14923?
False
Is 261 a factor of 4655552?
False
Does 2 divide 26232?
True
Does 6 divide 64884?
True
Is 21 a factor of 8942090?
False
Is 632196 a multiple of 6?
True
Is 51 a factor of 89422?
False
Does 9 divide 517496?
False
Does 6 divide 196121?
False
Does 7 divide 80867?
False
Is 91 a factor of 18018?
True
Does 3 divide 59408?
False
Does 28 divide 60532?
False
Is 967599 a multiple of 9?
True
Is 36 a factor of 473048?
False
Does 162 divide 6200388?
True
Is 195 a factor of 235560?
True
Is 30 a factor of 224427?
False
Is 19677225 a multiple of 83?
True
Is 110772 a multiple of 68?
True
Does 207 divide 13762251?
False
Does 4 divide 118680?
True
Is 1317696 a multiple of 83?
False
Is 213 a factor of 1133586?
True
Does 7 divide 146009?
False
Is 8 a factor of 88560?
True
Is 180411 a multiple of 66?
False
Does 49 divide 931458?
False
Is 67374 a multiple of 6?
True
Does 41 divide 8790728?
True
Is 189 a factor of 36696?
False
Does 40 divide 127101?
False
Does 130 divide 440310?
True
Is 165942 a multiple of 63?
True
Is 35887559 a multiple of 269?
True
Is 78 a factor of 3559196?
False
Is 202849 a multiple of 2?
False
Does 11 divide 510489?
False
Is 54561 a multiple of 13?
True
Does 14 divide 121380?
True
Is 1257036 a multiple of 15?
False
Is 8504524 a multiple of 10?
False
Does 30 divide 1449302?
False
Is 476 a factor of 235396?
False
Is 233844 a multiple of 39?
True
Is 992016 a multiple of 144?
True
Is 57182 a multiple of 17?
False
Is 402466 a multiple of 10?
False
Does 46 divide 254012?
True
Is 34 a factor of 1173238?
True
Does 1097 divide 2413400?
True
Does 176 divide 414656?
True
Is 5071016 a multiple of 461?
False
Does 49 divide 2534741?
False
Is 407880 a multiple of 309?
True
Is 1044275 a multiple of 5?
True
Does 117 divide 352852?
False
Does 10 divide 3027570?
True
Is 354967 a multiple of 3?
False
Does 6 divide 7095515?
False
Does 135 divide 186034?
False
Does 3 divide 4754501?
False
Does 3 divide 20253?
True
Is 15 a factor of 984376?
False
Is 6 a factor of 1392702?
True
Is 8822 a multiple of 18?
False
Is 129380 a multiple of 136?
False
Is 33 a factor of 189057?
True
Does 52 divide 2799835?
False
Does 13 divide 486391?
False
Is 2277349 a multiple of 1155?
False
Is 173430 a multiple of 9?
True
Is 41795 a multiple of 43?
False
Is 5 a factor of 533311?
False
Is 10602 a multiple of 186?
True
Is 834 a factor of 337770?
True
Is 1818620 a multiple of 6?
False
Is 1320 a multiple of 120?
True
Is 44 a factor of 518827?
False
Does 119 divide 668780?
True
Does 459 divide 32589?
True
Is 18 a factor of 90792?
True
Does 397 divide 883707?
False
Is 1363668 a multiple of 114?
True
Does 3 divide 1656096?
True
Is 29 a factor of 567240?
True
Is 45135 a multiple of 59?
True
Is 53378 a multiple of 13?
True
Is 13 a factor of 11426?
False
Is 233 a factor of 4768854?
False
Does 364 divide 140868?
True
Is 68697 a multiple of 17?
True
Is 7 a factor of 471030?
True
Is 948 a factor of 4775361?
False
Is 747 a factor of 14903305?
False
Does 962 divide 5171080?
False
Is 687112 a multiple of 25?
False
Is 2223351 a multiple of 279?
True
Is 460992 a multiple of 115?
False
Is 15 a factor of 222795?
True
Is 9902688 a multiple of 30?
False
Is 72 a factor of 851040?
True
Is 167 a factor of 3713913?
True
Is 106 a factor of 1283427?
False
Is 159692 a multiple of 37?
True
Is 4 a factor of 107916?
True
Is 21 a factor of 565308?
False
Does 1531 divide 493337?
False
Is 1847912 a multiple of 121?
True
Is 27 a factor of 15376772?
False
Is 20 a factor of 1939140?
True
Is 47 a factor of 882731?
False
Is 286 a factor of 169190?
False
Is 9 a factor of 6326370?
True
Is 160 a factor of 3357443?
False
Does 180 divide 162234?
False
Is 122481 a multiple of 439?
True
Is 49 a factor of 1362241?
False
Is 6113283 a multiple of 363?
True
Does 730 divide 1339550?
True
Does 34 divide 5183062?
True
Is 630177 a multiple of 23?
True
Is 7648 a multiple of 5?
False
Is 13 a factor of 1467539?
False
Is 103 a factor of 8740079?
False
Is 147822 a multiple of 30?
False
Is 5059633 a multiple of 37?
False
Does 588 divide 221645?
False
Is 11 a factor of 43249?
False
Does 26 divide 85488?
True
Is 5463 a multiple of 38?
False
Does 36 divide 5556888?
True
Does 1501 divide 2826420?
False
Is 405 a factor of 514381?
False
Does 9 divide 8839562?
False
Is 4884528 a multiple of 313?
False
Is 42 a factor of 14399154?
True
Is 580488 a multiple of 722?
True
Is 1458909 a multiple of 173?
True
Is 176 a factor of 481281?
False
Does 102 divide 18909?
False
Is 11 a factor of 47292?
False
Is 7 a factor of 647542?
True
Is 7 a factor of 42755?
False
Does 711 divide 2618613?
True
Does 11 divide 4575263?
True
Does 17 divide 1383681?
True
Is 27575900 a multiple of 2150?
True
Is 211865 a multiple of 47?
False
Does 30 divide 492480?
True
Does 10 divide 362420?
True
Does 11 divide 172139?
True
Is 856944 a multiple of 99?
True
Is 3 a factor of 5852977?
False
Is 47 a factor of 8230358?
True
Is 1356600 a multiple of 760?
True
Is 9 a factor of 119140?
False
Is 98288 a multiple of 107?
False
Is 230 a factor of 2489290?
True
Is 880 a factor of 8643345?
False
Is 17 a factor of 363875?
False
Is 184041 a multiple of 11?
True
Does 27 divide 604854?
True
Does 25 divide 245700?
True
Does 150 divide 801806?
False
Is 28 a factor of 39944?
False
Is 239344 a multiple of 14?
True
Does 39 divide 28256?
False
Is 6100552 a multiple of 17?
True
Does 127 divide 230251?
True
Does 17 divide 200940?
True
Is 91 a factor of 21039051?
False
Is 29535 a multiple of 55?
True
Is 247664 a multiple of 92?
True
Is 1768217 a multiple of 23?
True
Is 67973 a multiple of 47?
False
Is 621621 a multiple of 23?
True
Is 1084989 a multiple of 9?
False
Is 135504 a multiple of 18?
True
Does 14 divide 60060?
True
Does 33 divide 3766118?
False
Is 1843686 a multiple of 18?
True
Is 315 a factor of 3659990?
False
Does 37 divide 205986?
False
Is 104 a factor of 2218558?
False
Is 16 a factor of 1164640?
True
Is 56144 a multiple of 44?
True
Does 17 divide 2213961?
True
Does 18 divide 288589?
False
Is 64416 a multiple of 122?
True
Does 172 divide 153252?
True
Is 5384118 a multiple of 1642?
True
Does 81 divide 326268?
True
Is 5016411 a multiple of 459?
True
Is 6 a factor of 39331?
False
Is 107205 a multiple of 65?
False
Does 1472 divide 5112512?
False
Is 331491 a multiple of 141?
True
Is 12600 a multiple of 12?
True
Is 17 a factor of 679062?
False
Is 8584375 a multiple of 25?
True
Does 177 divide 5687573?
False
Is 183 a factor of 583843?
False
Does 45 divide 51866?
False
Is 52 a factor of 1643200?
True
Is 1722 a factor of 1750652?
False
Does 60 divide 1337542?
False
Is 76 a factor of 1391116?
False
Does 1304 divide 5285112?
True
Is 1114 a factor of 5141616?
False
Is 53077 a multiple of 8?
False
Is 127 a factor of 165735?
True
Is 158469 a multiple of 101?
True
Does 21 divide 2252523?
True
Does 322 divide 112186?
False
Does 482 divide 3024068?
True
I